{"id":36,"date":"2023-01-08T18:14:17","date_gmt":"2023-01-08T17:14:17","guid":{"rendered":"https:\/\/ikub.demoworld.eu\/?page_id=36"},"modified":"2024-03-07T11:23:58","modified_gmt":"2024-03-07T10:23:58","slug":"team","status":"publish","type":"page","link":"https:\/\/ikub.demoworld.eu\/?page_id=36","title":{"rendered":"Team"},"content":{"rendered":"\n<div class=\"wp-block-media-text alignwide is-stacked-on-mobile\" style=\"grid-template-columns:28% auto\"><figure class=\"wp-block-media-text__media\"><img loading=\"lazy\" decoding=\"async\" width=\"1024\" height=\"850\" src=\"https:\/\/ikub.demoworld.eu\/wp-content\/uploads\/2024\/02\/daniel-e1706980308969-1024x850.jpg\" alt=\"\" class=\"wp-image-341 size-full\" srcset=\"https:\/\/ikub.demoworld.eu\/wp-content\/uploads\/2024\/02\/daniel-e1706980308969-1024x850.jpg 1024w, https:\/\/ikub.demoworld.eu\/wp-content\/uploads\/2024\/02\/daniel-e1706980308969-300x249.jpg 300w, https:\/\/ikub.demoworld.eu\/wp-content\/uploads\/2024\/02\/daniel-e1706980308969-768x638.jpg 768w, https:\/\/ikub.demoworld.eu\/wp-content\/uploads\/2024\/02\/daniel-e1706980308969.jpg 1274w\" sizes=\"(max-width: 1024px) 100vw, 1024px\" \/><\/figure><div class=\"wp-block-media-text__content\">\n<p><strong>Daniel Gn\u00e4gi<\/strong><\/p>\n\n\n\n<p>Gesch\u00e4ftsf\u00fchrer \/ Sozialp\u00e4dagoge FH \/ Bachelor of Law<\/p>\n\n\n\n<p><a href=\"mailto:daniel.gnaegi@ikub.ch\">daniel.gnaegi@ikub.ch<\/a><\/p>\n\n\n\n<p>078 791 66 10<\/p>\n\n\n\n<ul class=\"wp-block-social-links is-layout-flex wp-block-social-links-is-layout-flex\"><li class=\"wp-social-link wp-social-link-linkedin  wp-block-social-link\"><a href=\"https:\/\/www.linkedin.com\/in\/daniel-gnaegi-ikub-vor-ort\/\" class=\"wp-block-social-link-anchor\"><svg width=\"24\" height=\"24\" viewBox=\"0 0 24 24\" version=\"1.1\" xmlns=\"http:\/\/www.w3.org\/2000\/svg\" aria-hidden=\"true\" focusable=\"false\"><path d=\"M19.7,3H4.3C3.582,3,3,3.582,3,4.3v15.4C3,20.418,3.582,21,4.3,21h15.4c0.718,0,1.3-0.582,1.3-1.3V4.3 C21,3.582,20.418,3,19.7,3z M8.339,18.338H5.667v-8.59h2.672V18.338z M7.004,8.574c-0.857,0-1.549-0.694-1.549-1.548 c0-0.855,0.691-1.548,1.549-1.548c0.854,0,1.547,0.694,1.547,1.548C8.551,7.881,7.858,8.574,7.004,8.574z M18.339,18.338h-2.669 v-4.177c0-0.996-0.017-2.278-1.387-2.278c-1.389,0-1.601,1.086-1.601,2.206v4.249h-2.667v-8.59h2.559v1.174h0.037 c0.356-0.675,1.227-1.387,2.526-1.387c2.703,0,3.203,1.779,3.203,4.092V18.338z\"><\/path><\/svg><span class=\"wp-block-social-link-label screen-reader-text\">LinkedIn<\/span><\/a><\/li><\/ul>\n<\/div><\/div>\n\n\n\n<hr class=\"wp-block-separator has-alpha-channel-opacity is-style-wide\"\/>\n\n\n\n<div class=\"wp-block-media-text alignwide is-stacked-on-mobile\" style=\"grid-template-columns:28% auto\"><figure class=\"wp-block-media-text__media\"><img loading=\"lazy\" decoding=\"async\" width=\"912\" height=\"878\" src=\"https:\/\/ikub.demoworld.eu\/wp-content\/uploads\/2024\/02\/Anna-Foto-neu.png\" alt=\"\" class=\"wp-image-398 size-full\" srcset=\"https:\/\/ikub.demoworld.eu\/wp-content\/uploads\/2024\/02\/Anna-Foto-neu.png 912w, https:\/\/ikub.demoworld.eu\/wp-content\/uploads\/2024\/02\/Anna-Foto-neu-300x289.png 300w, https:\/\/ikub.demoworld.eu\/wp-content\/uploads\/2024\/02\/Anna-Foto-neu-768x739.png 768w\" sizes=\"(max-width: 912px) 100vw, 912px\" \/><\/figure><div class=\"wp-block-media-text__content\">\n<p><strong>Anna Blessing<\/strong><\/p>\n\n\n\n<p>Stv. Gesch\u00e4ftsf\u00fchrerin \/ Klinische Heil- und Sozialp\u00e4dagogin BA Uni Freiburg<\/p>\n\n\n\n<p><a href=\"mailto:anna.blessing@ikub.ch\">anna.blessing@ikub.ch<\/a><\/p>\n\n\n\n<p>078 792 66 10<\/p>\n<\/div><\/div>\n\n\n\n<hr class=\"wp-block-separator has-alpha-channel-opacity is-style-wide\"\/>\n\n\n\n<div class=\"wp-block-media-text alignwide is-stacked-on-mobile\" style=\"grid-template-columns:28% auto\"><figure class=\"wp-block-media-text__media\"><img loading=\"lazy\" decoding=\"async\" width=\"1000\" height=\"777\" src=\"https:\/\/ikub.demoworld.eu\/wp-content\/uploads\/2024\/02\/ANdrea-Foto.png\" alt=\"\" class=\"wp-image-352 size-full\" srcset=\"https:\/\/ikub.demoworld.eu\/wp-content\/uploads\/2024\/02\/ANdrea-Foto.png 1000w, https:\/\/ikub.demoworld.eu\/wp-content\/uploads\/2024\/02\/ANdrea-Foto-300x233.png 300w, https:\/\/ikub.demoworld.eu\/wp-content\/uploads\/2024\/02\/ANdrea-Foto-768x597.png 768w\" sizes=\"(max-width: 1000px) 100vw, 1000px\" \/><\/figure><div class=\"wp-block-media-text__content\">\n<p><strong>Andrea Sinyan<\/strong><\/p>\n\n\n\n<p>Sozialp\u00e4dagogin HF \/ CAS Sozialp\u00e4dagogische Familienbegleitung \/ Koordinatorin Familienrat<\/p>\n\n\n\n<p><a href=\"mailto:andrea.sinyan@ikub.ch\">andrea.sinyan@ikub.ch<\/a><\/p>\n\n\n\n<p>078 975 07 02<\/p>\n<\/div><\/div>\n\n\n\n<hr class=\"wp-block-separator has-alpha-channel-opacity is-style-wide\"\/>\n\n\n\n<div class=\"wp-block-media-text alignwide is-stacked-on-mobile\" style=\"grid-template-columns:28% auto\"><figure class=\"wp-block-media-text__media\"><img loading=\"lazy\" decoding=\"async\" width=\"1004\" height=\"916\" src=\"https:\/\/ikub.demoworld.eu\/wp-content\/uploads\/2024\/02\/Vanja-Foto.png\" alt=\"\" class=\"wp-image-348 size-full\" srcset=\"https:\/\/ikub.demoworld.eu\/wp-content\/uploads\/2024\/02\/Vanja-Foto.png 1004w, https:\/\/ikub.demoworld.eu\/wp-content\/uploads\/2024\/02\/Vanja-Foto-300x274.png 300w, https:\/\/ikub.demoworld.eu\/wp-content\/uploads\/2024\/02\/Vanja-Foto-768x701.png 768w\" sizes=\"(max-width: 1004px) 100vw, 1004px\" \/><\/figure><div class=\"wp-block-media-text__content\">\n<p><strong>Vanja Barth<\/strong><\/p>\n\n\n\n<p>Pflegefachfrau HF<\/p>\n\n\n\n<p><a href=\"mailto:vanja.barth@ikub.ch\">vanja.barth@ikub.ch<\/a><\/p>\n\n\n\n<p>078 213 02 03<\/p>\n\n\n\n<ul class=\"wp-block-social-links is-layout-flex wp-block-social-links-is-layout-flex\"><li class=\"wp-social-link wp-social-link-linkedin  wp-block-social-link\"><a href=\"https:\/\/www.linkedin.com\/in\/vanja-barth-0625b0214\/\" class=\"wp-block-social-link-anchor\"><svg width=\"24\" height=\"24\" viewBox=\"0 0 24 24\" version=\"1.1\" xmlns=\"http:\/\/www.w3.org\/2000\/svg\" aria-hidden=\"true\" focusable=\"false\"><path d=\"M19.7,3H4.3C3.582,3,3,3.582,3,4.3v15.4C3,20.418,3.582,21,4.3,21h15.4c0.718,0,1.3-0.582,1.3-1.3V4.3 C21,3.582,20.418,3,19.7,3z M8.339,18.338H5.667v-8.59h2.672V18.338z M7.004,8.574c-0.857,0-1.549-0.694-1.549-1.548 c0-0.855,0.691-1.548,1.549-1.548c0.854,0,1.547,0.694,1.547,1.548C8.551,7.881,7.858,8.574,7.004,8.574z M18.339,18.338h-2.669 v-4.177c0-0.996-0.017-2.278-1.387-2.278c-1.389,0-1.601,1.086-1.601,2.206v4.249h-2.667v-8.59h2.559v1.174h0.037 c0.356-0.675,1.227-1.387,2.526-1.387c2.703,0,3.203,1.779,3.203,4.092V18.338z\"><\/path><\/svg><span class=\"wp-block-social-link-label screen-reader-text\">LinkedIn<\/span><\/a><\/li><\/ul>\n<\/div><\/div>\n\n\n\n<hr class=\"wp-block-separator has-alpha-channel-opacity is-style-wide\"\/>\n\n\n\n<div class=\"wp-block-media-text alignwide is-stacked-on-mobile\" style=\"grid-template-columns:28% auto\"><figure class=\"wp-block-media-text__media\"><img loading=\"lazy\" decoding=\"async\" width=\"979\" height=\"892\" src=\"https:\/\/ikub.demoworld.eu\/wp-content\/uploads\/2024\/02\/Barbara-foto-1.png\" alt=\"\" class=\"wp-image-354 size-full\" srcset=\"https:\/\/ikub.demoworld.eu\/wp-content\/uploads\/2024\/02\/Barbara-foto-1.png 979w, https:\/\/ikub.demoworld.eu\/wp-content\/uploads\/2024\/02\/Barbara-foto-1-300x273.png 300w, https:\/\/ikub.demoworld.eu\/wp-content\/uploads\/2024\/02\/Barbara-foto-1-768x700.png 768w\" sizes=\"(max-width: 979px) 100vw, 979px\" \/><\/figure><div class=\"wp-block-media-text__content\">\n<p><strong>Barbara Keiser<\/strong><\/p>\n\n\n\n<p>Sozialp\u00e4dagogin HF<\/p>\n\n\n\n<p><a href=\"mailto:till.gnaegi@ikub.ch\">barbara.keiser@ikub.ch<\/a><\/p>\n\n\n\n<p>078 222 03 93<\/p>\n<\/div><\/div>\n\n\n\n<hr class=\"wp-block-separator has-alpha-channel-opacity is-style-wide\"\/>\n\n\n\n<div class=\"wp-block-media-text alignwide is-stacked-on-mobile\" style=\"grid-template-columns:28% auto\"><figure class=\"wp-block-media-text__media\"><img loading=\"lazy\" decoding=\"async\" width=\"1024\" height=\"895\" src=\"https:\/\/ikub.demoworld.eu\/wp-content\/uploads\/2024\/02\/martina-1024x895.jpg\" alt=\"\" class=\"wp-image-339 size-full\" srcset=\"https:\/\/ikub.demoworld.eu\/wp-content\/uploads\/2024\/02\/martina-1024x895.jpg 1024w, https:\/\/ikub.demoworld.eu\/wp-content\/uploads\/2024\/02\/martina-300x262.jpg 300w, https:\/\/ikub.demoworld.eu\/wp-content\/uploads\/2024\/02\/martina-768x671.jpg 768w, https:\/\/ikub.demoworld.eu\/wp-content\/uploads\/2024\/02\/martina-1536x1342.jpg 1536w, https:\/\/ikub.demoworld.eu\/wp-content\/uploads\/2024\/02\/martina.jpg 1600w\" sizes=\"(max-width: 1024px) 100vw, 1024px\" \/><\/figure><div class=\"wp-block-media-text__content\">\n<p><strong>Martina St\u00e4heli <\/strong><\/p>\n\n\n\n<p>Klinische Heil- und Sozialp\u00e4dagogin BA Uni Freiburg<\/p>\n\n\n\n<p><a href=\"mailto:martina.staehli@ikub.ch\">martina.staeheli@ikub.ch<\/a><\/p>\n\n\n\n<p>078 268 05 46<\/p>\n<\/div><\/div>\n\n\n\n<hr class=\"wp-block-separator has-alpha-channel-opacity is-style-wide\"\/>\n\n\n\n<div class=\"wp-block-media-text alignwide is-stacked-on-mobile\" style=\"grid-template-columns:28% auto\"><figure class=\"wp-block-media-text__media\"><img loading=\"lazy\" decoding=\"async\" width=\"1024\" height=\"1019\" src=\"https:\/\/ikub.demoworld.eu\/wp-content\/uploads\/2023\/01\/0E9D0E52-375D-438F-A9C2-57966E856677-1024x1019.jpeg\" alt=\"\" class=\"wp-image-70 size-full\" srcset=\"https:\/\/ikub.demoworld.eu\/wp-content\/uploads\/2023\/01\/0E9D0E52-375D-438F-A9C2-57966E856677-1024x1019.jpeg 1024w, https:\/\/ikub.demoworld.eu\/wp-content\/uploads\/2023\/01\/0E9D0E52-375D-438F-A9C2-57966E856677-300x298.jpeg 300w, https:\/\/ikub.demoworld.eu\/wp-content\/uploads\/2023\/01\/0E9D0E52-375D-438F-A9C2-57966E856677-150x150.jpeg 150w, https:\/\/ikub.demoworld.eu\/wp-content\/uploads\/2023\/01\/0E9D0E52-375D-438F-A9C2-57966E856677-768x764.jpeg 768w, https:\/\/ikub.demoworld.eu\/wp-content\/uploads\/2023\/01\/0E9D0E52-375D-438F-A9C2-57966E856677-1536x1528.jpeg 1536w, https:\/\/ikub.demoworld.eu\/wp-content\/uploads\/2023\/01\/0E9D0E52-375D-438F-A9C2-57966E856677-2048x2037.jpeg 2048w\" sizes=\"(max-width: 1024px) 100vw, 1024px\" \/><\/figure><div class=\"wp-block-media-text__content\">\n<p><strong>Till Gn\u00e4gi<\/strong><\/p>\n\n\n\n<p>Administration IKuB vor Ort, Kaufmann EFZ<\/p>\n\n\n\n<p><a href=\"mailto:till.gnaegi@ikub.ch\">till.gnaegi@ikub.ch<\/a><\/p>\n\n\n\n<ul class=\"wp-block-social-links is-layout-flex wp-block-social-links-is-layout-flex\"><li class=\"wp-social-link wp-social-link-linkedin  wp-block-social-link\"><a href=\"https:\/\/www.linkedin.com\/in\/gn%C3%A4gi-till-63ab2921a\/\" class=\"wp-block-social-link-anchor\"><svg width=\"24\" height=\"24\" viewBox=\"0 0 24 24\" version=\"1.1\" xmlns=\"http:\/\/www.w3.org\/2000\/svg\" aria-hidden=\"true\" focusable=\"false\"><path d=\"M19.7,3H4.3C3.582,3,3,3.582,3,4.3v15.4C3,20.418,3.582,21,4.3,21h15.4c0.718,0,1.3-0.582,1.3-1.3V4.3 C21,3.582,20.418,3,19.7,3z M8.339,18.338H5.667v-8.59h2.672V18.338z M7.004,8.574c-0.857,0-1.549-0.694-1.549-1.548 c0-0.855,0.691-1.548,1.549-1.548c0.854,0,1.547,0.694,1.547,1.548C8.551,7.881,7.858,8.574,7.004,8.574z M18.339,18.338h-2.669 v-4.177c0-0.996-0.017-2.278-1.387-2.278c-1.389,0-1.601,1.086-1.601,2.206v4.249h-2.667v-8.59h2.559v1.174h0.037 c0.356-0.675,1.227-1.387,2.526-1.387c2.703,0,3.203,1.779,3.203,4.092V18.338z\"><\/path><\/svg><span class=\"wp-block-social-link-label screen-reader-text\">LinkedIn<\/span><\/a><\/li><\/ul>\n<\/div><\/div>\n\n\n\n<hr class=\"wp-block-separator has-alpha-channel-opacity is-style-wide\"\/>\n\n\n\n<div class=\"wp-block-media-text alignwide is-stacked-on-mobile\" style=\"grid-template-columns:28% auto\"><figure class=\"wp-block-media-text__media\"><img loading=\"lazy\" decoding=\"async\" width=\"374\" height=\"412\" src=\"https:\/\/ikub.demoworld.eu\/wp-content\/uploads\/2024\/01\/2019-05-07-14-25-49-546_bw-e1709487865180.jpg\" alt=\"\" class=\"wp-image-335 size-full\" srcset=\"https:\/\/ikub.demoworld.eu\/wp-content\/uploads\/2024\/01\/2019-05-07-14-25-49-546_bw-e1709487865180.jpg 374w, https:\/\/ikub.demoworld.eu\/wp-content\/uploads\/2024\/01\/2019-05-07-14-25-49-546_bw-e1709487865180-272x300.jpg 272w\" sizes=\"(max-width: 374px) 100vw, 374px\" \/><\/figure><div class=\"wp-block-media-text__content\">\n<p><strong>Mona Gn\u00e4gi<\/strong><\/p>\n\n\n\n<p>Administration IKuB vor Ort, Kaufmann EFZ<\/p>\n\n\n\n<p><a href=\"mailto:till.gnaegi@ikub.ch\">mona.gnaegi@ikub.ch<\/a><\/p>\n<\/div><\/div>\n","protected":false},"excerpt":{"rendered":"<p>Anna Blessing Stv. Gesch\u00e4ftsf\u00fchrerin \/ Klinische Heil- und Sozialp\u00e4dagogin BA Uni Freiburg anna.blessing@ikub.ch 078 792 66 10 Andrea Sinyan Sozialp\u00e4dagogin HF \/ CAS Sozialp\u00e4dagogische Familienbegleitung \/ Koordinatorin Familienrat andrea.sinyan@ikub.ch 078 975 07 02 Barbara Keiser Sozialp\u00e4dagogin HF barbara.keiser@ikub.ch 078 222 03 93 Martina St\u00e4heli Klinische Heil- und Sozialp\u00e4dagogin BA Uni Freiburg martina.staeheli@ikub.ch 078 268 05 [&hellip;]<\/p>\n","protected":false},"author":1,"featured_media":0,"parent":0,"menu_order":5,"comment_status":"closed","ping_status":"closed","template":"","meta":{"footnotes":""},"_links":{"self":[{"href":"https:\/\/ikub.demoworld.eu\/index.php?rest_route=\/wp\/v2\/pages\/36"}],"collection":[{"href":"https:\/\/ikub.demoworld.eu\/index.php?rest_route=\/wp\/v2\/pages"}],"about":[{"href":"https:\/\/ikub.demoworld.eu\/index.php?rest_route=\/wp\/v2\/types\/page"}],"author":[{"embeddable":true,"href":"https:\/\/ikub.demoworld.eu\/index.php?rest_route=\/wp\/v2\/users\/1"}],"replies":[{"embeddable":true,"href":"https:\/\/ikub.demoworld.eu\/index.php?rest_route=%2Fwp%2Fv2%2Fcomments&post=36"}],"version-history":[{"count":16,"href":"https:\/\/ikub.demoworld.eu\/index.php?rest_route=\/wp\/v2\/pages\/36\/revisions"}],"predecessor-version":[{"id":518,"href":"https:\/\/ikub.demoworld.eu\/index.php?rest_route=\/wp\/v2\/pages\/36\/revisions\/518"}],"wp:attachment":[{"href":"https:\/\/ikub.demoworld.eu\/index.php?rest_route=%2Fwp%2Fv2%2Fmedia&parent=36"}],"curies":[{"name":"wp","href":"https:\/\/api.w.org\/{rel}","templated":true}]}}