{"id":41,"date":"2023-01-08T18:15:42","date_gmt":"2023-01-08T17:15:42","guid":{"rendered":"https:\/\/ikub.demoworld.eu\/?page_id=41"},"modified":"2024-03-08T17:03:25","modified_gmt":"2024-03-08T16:03:25","slug":"kosten","status":"publish","type":"page","link":"https:\/\/ikub.demoworld.eu\/?page_id=41","title":{"rendered":"Kosten"},"content":{"rendered":"\n<p>Kanton Bern, nach KJA Vorgaben<\/p>\n\n\n\n<p>Private und ausserkantonale Auftr\u00e4ge, ab 01.01.2024<\/p>\n\n\n\n<p>Wir rechnen monatlich \u00fcber die geleisteten Auftr\u00e4ge ab und weisen die Wegkosten separat aus.<\/p>\n\n\n\n<p><br>Wir erstellen Ihnen gerne zu Beginn eine Offerte oder ein Kostendach<\/p>\n\n\n\n<figure class=\"wp-block-table\"><table><tbody><tr><td>Direktkontakt (SPF \/ Coaching \/ Begleitung)<\/td><td>SFr. 130.-\/Stunde<\/td><\/tr><tr><td>Wochenend- und Feiertag-, sowie Abendzulage (22.00 bis 7.00 Uhr)<\/td><td>SFr. 60.-\/ Stunde<\/td><\/tr><tr><td>Wegpauschale ab Niederbipp<\/td><td>SFr. 130.-\/Stunde<\/td><\/tr><tr><td>Fallbezogene Arbeit (z.B.: Journaleintr\u00e4ge, Sitzungen, Austasuch mit Fachpersonen, Inter- und Supervisionen)<\/td><td>SFr. 130.-\/Stunde<\/td><\/tr><\/tbody><\/table><\/figure>\n\n\n\n<p>\u00dcbersetzungen und der Zuzug von spezifischen Fachpersonen gehen zulasten der Zuweiser.<\/p>\n","protected":false},"excerpt":{"rendered":"<p>Kanton Bern, nach KJA Vorgaben Private und ausserkantonale Auftr\u00e4ge, ab 01.01.2024 Wir rechnen monatlich \u00fcber die geleisteten Auftr\u00e4ge ab und weisen die Wegkosten separat aus. Wir erstellen Ihnen gerne zu Beginn eine Offerte oder ein Kostendach Direktkontakt (SPF \/ Coaching \/ Begleitung) SFr. 130.-\/Stunde Wochenend- und Feiertag-, sowie Abendzulage (22.00 bis 7.00 Uhr) SFr. 60.-\/ [&hellip;]<\/p>\n","protected":false},"author":1,"featured_media":0,"parent":0,"menu_order":6,"comment_status":"closed","ping_status":"closed","template":"","meta":{"footnotes":""},"_links":{"self":[{"href":"https:\/\/ikub.demoworld.eu\/index.php?rest_route=\/wp\/v2\/pages\/41"}],"collection":[{"href":"https:\/\/ikub.demoworld.eu\/index.php?rest_route=\/wp\/v2\/pages"}],"about":[{"href":"https:\/\/ikub.demoworld.eu\/index.php?rest_route=\/wp\/v2\/types\/page"}],"author":[{"embeddable":true,"href":"https:\/\/ikub.demoworld.eu\/index.php?rest_route=\/wp\/v2\/users\/1"}],"replies":[{"embeddable":true,"href":"https:\/\/ikub.demoworld.eu\/index.php?rest_route=%2Fwp%2Fv2%2Fcomments&post=41"}],"version-history":[{"count":5,"href":"https:\/\/ikub.demoworld.eu\/index.php?rest_route=\/wp\/v2\/pages\/41\/revisions"}],"predecessor-version":[{"id":606,"href":"https:\/\/ikub.demoworld.eu\/index.php?rest_route=\/wp\/v2\/pages\/41\/revisions\/606"}],"wp:attachment":[{"href":"https:\/\/ikub.demoworld.eu\/index.php?rest_route=%2Fwp%2Fv2%2Fmedia&parent=41"}],"curies":[{"name":"wp","href":"https:\/\/api.w.org\/{rel}","templated":true}]}}